hen 43196 is divided by 139.
106
What is the remainder when 156990 is divided by 372?
6
Calculate the remainder when 24084 is divided by 12012.
60
Calculate the remainder when 9549 is divided by 743.
633
Calculate the remainder when 2686 is divided by 776.
358
What is the remainder when 93400 is divided by 18?
16
What is the remainder when 171214 is divided by 14?
8
Calculate the remainder when 343 is divided by 94.
61
What is the remainder when 227 is divided by 3?
2
Calculate the remainder when 3391 is divided by 674.
21
Calculate the remainder when 223724 is divided by 16.
12
What is the remainder when 2363 is divided by 575?
63
Calculate the remainder when 5727 is divided by 109.
59
What is the remainder when 10309 is divided by 351?
130
Calculate the remainder when 1394 is divided by 283.
262
Calculate the remainder when 14268 is divided by 2009.
205
Calculate the remainder when 9556 is divided by 118.
116
Calculate the remainder when 4187 is divided by 327.
263
What is the remainder when 100292 is divided by 72?
68
Calculate the remainder when 291106 is divided by 238.
32
What is the remainder when 19949 is divided by 165?
149
What is the remainder when 2895619 is divided by 52?
51
What is the remainder when 10175 is divided by 28?
11
What is the remainder when 6216 is divided by 397?
261
What is the remainder when 181865 is divided by 18?
11
Calculate the remainder when 3804 is divided by 3797.
7
What is the remainder when 13023 is divided by 26?
23
Calculate the remainder when 6309 is divided by 1384.
773
What is the remainder when 3446237 is divided by 10?
7
Calculate the remainder when 213261 is divided by 221.
217
What is the remainder when 3756 is divided by 285?
51
What is the remainder when 22305 is divided by 5473?
413
Calculate the remainder when 506544 is divided by 663.
12
What is the remainder when 50494 is divided by 3?
1
What is the remainder when 4625 is divided by 4584?
41
Calculate the remainder when 60132 is divided by 60118.
14
Calculate the remainder when 608 is divided by 202.
2
What is the remainder when 950 is divided by 797?
153
Calculate the remainder when 294154 is divided by 855.
34
Calculate the remainder when 231347 is divided by 7.
4
Calculate the remainder when 3903 is divided by 198.
141
What is the remainder when 46410 is divided by 252?
42
Calculate the remainder when 8405 is divided by 165.
155
What is the remainder when 20299 is divided by 83?
47
Calculate the remainder when 18904 is divided by 6150.
454
What is the remainder when 1185259 is divided by 231?
229
Calculate the remainder when 1589 is divided by 908.
681
What is the remainder when 37244 is divided by 55?
9
What is the remainder when 149685 is divided by 168?
165
What is the remainder when 51134 is divided by 34?
32
What is the remainder when 66665 is divided by 28?
25
What is the remainder when 3545 is divided by 16?
9
Calculate the remainder when 137792 is divided by 52.
44
Calculate the remainder when 2655 is divided by 334.
317
What is the remainder when 153444 is divided by 1827?
1803
Calculate the remainder when 35971 is divided by 17979.
13
Calculate the remainder when 4151 is divided by 151.
74
What is the remainder when 38716 is divided by 12885?
61
What is the remainder when 66525 is divided by 44?
41
What is the remainder when 30794 is divided by 30777?
17
Calculate the remainder when 1351 is divided by 265.
26
Calculate the remainder when 176 is divided by 164.
12
Calculate the remainder when 143229 is divided by 79.
2
What is the remainder when 3164 is divided by 278?
106
Calculate the remainder when 5962 is divided by 210.
82
What is the remainder when 21614 is divided by 1795?
74
What is the remainder when 9469 is divided by 2364?
13
Calculate the remainder when 48458 is divided by 2105.
43
Calculate the remainder when 101122 is divided by 32.
2
Calculate the remainder when 279721 is divided by 167.
163
What is the remainder when 23021 is divided by 7556?
353
What is the remainder when 166744 is divided by 317?
2
Calculate the remainder when 10091 is divided by 27.
20
What is the remainder when 4666 is divided by 931?
11
Calculate the remainder when 3083305 is divided by 254.
253
What is the remainder when 2151 is divided by 703?
42
What is the remainder when 2338 is divided by 66?
28
What is the remainder when 4763 is divided by 600?
563
What is the remainder when 192 is divided by 119?
73
Calculate the remainder when 11727 is divided by 11167.
560
Calculate the remainder when 502288 is divided by 119.
108
Calculate the remainder when 387 is divided by 289.
98
What is the remainder when 10163 is divided by 59?
15
Calculate the remainder when 29838 is divided by 21.
18
What is the remainder when 2259 is divided by 225?
9
What is the remainder when 49671 is divided by 1022?
615
What is the remainder when 27358 is divided by 13659?
40
Calculate the remainder when 15510 is divided by 98.
26
What is the remainder when 212796 is divided by 134?
4
Calculate the remainder when 787810 is divided by 799.
795
Calculate the remainder when 1511945 is divided by 9.
8
What is the remainder when 13113 is divided by 257?
6
What is the remainder when 5646 is divided by 22?
14
Calculate the remainder when 15166 is divided by 386.
112
What is the remainder when 1732 is divided by 439?
415
Calculate the remainder when 6931 is divided by 2302.
25
What is the remainder when 27631 is divided by 9032?
535
What is the remainder when 6181 is divided by 1540?
21
Calculate the remainder when 4126 is divided by 59.
55
Calculate the remainder when 92611 is divided by 30840.
91
Calculate the remainder when 5745 is divided by 666.
417
What is the remainder when 997 is divided by 173?
132
What is the remainder when 12305 is divided by 38?
31
What is the remainder when 2282 is divided by 691?
209
Calculate the remainder when 11812 is divided by 1685.
17
What is the remainder when 16306 is divided by 209?
4
Calculate the remainder when 1028 is divided by 124.
36
What is the remainder when 14023 is divided by 2802?
13
What is the remainder when 3363 is divided by 667?
28
Calculate the remainder when 18205 is divided by 22.
11
What is the remainder when 2876 is divided by 739?
659
What is the remainder when 1661 is divided by 1531?
130
Calculate the remainder when 5594 is divided by 996.
614
What is the remainder when 3583 is divided by 527?
421
What is the remainder when 1508 is divided by 45?
23
Calculate the remainder when 11685 is divided by 3891.
12
Calculate the remainder when 22548 is divided by 5.
3
Calculate the remainder when 17384 is divided by 90.
14
What is the remainder when 4628 is divided by 86?
70
Calculate the remainder when 14918 is divided by 207.
14
What is the remainder when 63123 is divided by 40?
3
What is the remainder when 110327 is divided by 4?
3
What is the remainder when 14010 is divided by 454?
390
What is the remainder when 135537 is divided by 169?
168
What is the remainder when 129683 is divided by 113?
72
Calculate the remainder when 265474 is divided by 28.
6
What is the remainder when 945 is divided by 434?
77
What is the remainder when 968255 is divided by 738?
737
What is the remainder when 51583 is divided by 8596?
7
Calculate the remainder when 3649 is divided by 611.
594
Calculate the remainder when 49739 is divided by 691.
678
Calculate the remainder when 379841 is divided by 174.
173
Calculate the remainder when 11143 is divided by 157.
153
What is the remainder when 9054 is divided by 1803?
39
Calculate the remainder when 12633 is divided by 29.
18
What is the remainder when 120887 is divided by 5036?
23
Calculate the remainder when 224951 is divided by 13.
12
Calculate the remainder when 950 is divided by 312.
14
Calculate the remainder when 13962 is divided by 16.
10
Calculate the remainder when 1545 is divided by 84.
33
What is the remainder when 2643 is divided by 121?
102
What is the remainder when 2909 is divided by 133?
116
What is the remainder when 20313 is divided by 403?
163
Calculate the remainder when 76470 is divided by 88.
86
What is the remainder when 974 is divided by 90?
74
What is the remainder when 61461 is divided by 10238?
33
What is the remainder when 3024 is divided by 339?
312
Calculate 